6 - -5)?
5
Let z = 5657 + -5644. Let c(s) = s**3 + 15*s**2 - 13*s - 6. Let r(k) = 2*k**3 + 16*k**2 - 12*k - 6. Let g(n) = -3*c(n) + 2*r(n). What is the tens digit of g(z)?
0
Let j(b) = 3*b**2 + 32*b - 5. What is the hundreds digit of j(-22)?
7
Let w be (20/(-8))/((-32)/5440). Suppose 2*u + 507 = 5*a, 2*u - 3*u + 5*a - 266 = 0. Let f = u + w. What is the units digit of f?
4
Suppose -5 = 5*l, 487 = -4*y - 3*l + 4*l. Let s = 205 - y. What is the tens digit of s?
2
Let s(h) be the second derivative of -3*h**2 - 1/20*h**5 + 0 + 7/6*h**4 - 5/3*h**3 + 17*h. What is the hundreds digit of s(12)?
1
Suppose 0 = -4*i + 148214 + 39938. What is the ten thousands digit of i?
4
Let i(m) = 2*m**2 - 20*m + 64. Let q be i(3). What is the hundreds digit of -5 + 4419/7 + q/(-77)?
6
Let a = 1429 - -507. Let c = a - 1180. What is the units digit of c?
6
Let q = 82 + 22. Suppose -v + 4 = -q. What is the units digit of v?
8
Let s(d) = -49*d + 1811. What is the tens digit of s(-17)?
4
Let r(w) = -w**3 - w**2 + w + 2. Let g be r(0). Let x(o) = -13 - 248*o**2 + 3 + 121*o**2 + 148*o**g. What is the tens digit of x(-3)?
7
Let t be (1/(-3))/(8/(-1992)). Suppose 10*f - 12*f = 54. Let v = t + f. What is the units digit of v?
6
Suppose -4*o + 2620 = 2*i, -i + 264*o + 1285 = 261*o. What is the thousands digit of i?
1
Let l = 186 + -146. Let n = 90 + l. What is the hundreds digit of n?
1
Let p = 26181 - 22087. What is the thousands digit of p?
4
Let h = 23592 + -15735. What is the hundreds digit of h?
8
Let f(w) = w**3 - 53*w**2 + 221*w + 314. What is the thousands digit of f(53)?
2
What is the thousands digit of -3 + (20 - 4) - -3725?
3
Suppose 0 = -q - 1, 2*x + 47*q - 27891 = 42*q. What is the hundreds digit of x?
9
Suppose -38*z - 17256 = -41*z - 3*t, 0 = -2*z + 2*t + 11500. What is the units digit of z?
1
Let h = 76 - 12. Suppose 67*g = h*g + 1629. What is the units digit of g?
3
Suppose -3*y = -2*y - 6. What is the units digit of (18/(-15))/(y/(-45))?
9
Suppose -4*g - 2*a = -62100, -11*g + a + 77597 = -6*g. What is the ten thousands digit of g?
1
Let d = 487 - 491. What is the tens digit of (403/(-14) - d/14)*-34?
6
Let l be (12/(-16))/(5/(-15120)). Let i be l/45 - (-2)/(-5). Suppose 17*j - i = 16*j. What is the units digit of j?
0
Let u(w) = 3*w**3 - 2*w - 1. Let x(t) = -2*t**3 + t**2 - 10*t - 15. Let d(f) = 5*u(f) - x(f). What is the hundreds digit of d(3)?
4
Let h = 139 - 136. Suppose h*i - 1204 = -4*s, -4*i = 3*s - 1583 - 13. What is the hundreds digit of i?
3
Suppose -3*h = 5*a - 247131, 230617 = 4*a - 2*h + 32921. What is the units digit of a?
5
Suppose -10*p = -2*h - 8*p + 1920, 2*p = -3*h + 2875. What is the hundreds digit of h?
9
What is the hundreds digit of 7225 - -4 - (12 + -11)*2?
2
Let w = 5276 + -2200. What is the tens digit of w?
7
Let u = -204 + 672. Suppose 54 + u = 6*k. What is the units digit of k?
7
Let a(y) = 4*y**2 + 21*y + 55. Let h be a(25). Suppose h = -17*n + 28*n. What is the tens digit of n?
8
Let j = 55523 + -42592. What is the thousands digit of j?
2
Let q = 58 - 52. Let v(x) = x**3 - 4*x**2 + 20. What is the units digit of v(q)?
2
Suppose 23*n + 262530 = 113*n. What is the thousands digit of n?
2
Let y = 4621 - 3959. What is the units digit of y?
2
Suppose 0 = 2*t - 3*i + 6 - 3, -3 = -5*t + 4*i. Suppose 0 = -5*b + 5, 159 = z + t*b + 2*b. Let f = z - 45. What is the units digit of f?
9
Let l be -2 - ((-3 - 3) + 1). Let o = -480 - -879. Suppose -o = -4*h - l*h. What is the units digit of h?
7
Suppose 480*a - 124842 = 388*a - 6346. What is the units digit of a?
8
Let q be 2*((-6)/12)/(2/(-4)). Let w be ((-3)/q)/((-826)/(-276) - 3). Suppose 113 = 4*x - w. What is the tens digit of x?
8
Suppose -9117 = -8*r + 39931. What is the tens digit of r?
3
Suppose 3*v - 4*n - 16 = 0, 5*v - 4 = v + n. What is the tens digit of (1 - v)/(15/2085)?
3
Suppose 0 = -16*i + 408759 - 12551. What is the ten thousands digit of i?
2
Let n = -370 - -372. Suppose -n*x + 982 = -102. What is the tens digit of x?
4
Suppose 0*u - l = 4*u - 4, 0 = -2*u - 3*l - 8. Suppose 4*t - 2*q - u*q - 5844 = 0, 7311 = 5*t - 3*q. What is the hundreds digit of t?
4
What is the units digit of (245/(-28))/((-2)/672)?
0
Let s(b) = 10*b**2 + 6*b - 7. Let d be s(1). Suppose -d*r + 2661 = -1623. What is the hundreds digit of r?
4
Suppose -44*i + 675 = -29*i. What is the hundreds digit of (-2068)/(-16) - i/36?
1
Let x = 10 + -7. Let r(g) = -285*g - 3706. Let o be r(-13). What is the units digit of 29 - -9*o/x?
6
Suppose -219*w + 194*w = -908525. What is the units digit of w?
1
Let b(c) = -5*c**2 + 12*c + 10. Let p(o) = -22*o**2 + 49*o + 38. Let w(u) = -9*b(u) + 2*p(u). What is the tens digit of w(-23)?
4
Let y = -81 + 84. Suppose -5*q = -4*m - 29, 5*q - 27 = y*m - 4. Let u = 5 - m. What is the tens digit of u?
1
Suppose -83*j + 186*j = 40479. Suppose 112 = -2*m - 376. Let r = m + j. What is the tens digit of r?
4
Suppose -5*c - 54775 = -4*t, 70*t - 68*t - 27392 = 4*c. What is the tens digit of t?
9
Let n be (-4 - 0 - -34) + -4. Suppose -4*f - n - 10 = 0. Let a = 8 - f. What is the units digit of a?
7
Suppose 5*l - 3453 - 2352 = -2*s, -4*s + 4632 = 4*l. What is the tens digit of (-2)/(-4)*8*l/4?
6
Let o(l) = 4*l**2 + 3*l + 1. Suppose 0*d + 30 = -5*d. Let x be o(d). Let b = -69 + x. What is the tens digit of b?
5
Let f = -1749 + 5900. What is the thousands digit of f?
4
Let z(a) = -a**3 - 13*a**2 - 12*a. Let j be z(-12). Let f(p) = -2*p + 3. Let s be f(j). What is the units digit of s/(15/19)*5?
9
Let k be 28/(-70) + (-7)/(-5). Suppose -6 = -5*y - k. What is the tens digit of y*(-1 - -35) - -2?
3
Let g(u) = -35 + 5*u - 12 + 30*u. Let a be g(7). Let t = -62 + a. What is the units digit of t?
6
Let v(a) = a**3 + 32*a**2 - 462*a + 63. What is the hundreds digit of v(-38)?
9
Let d(c) be the second derivative of -c**5/20 - 7*c**4/3 - 16*c**3/3 - 23*c**2 + c - 44. What is the tens digit of d(-27)?
8
Let s(t) = -9 + 4*t**2 + 7 - 31 + 12*t - 39 - 24*t. What is the tens digit of s(12)?
6
Suppose 9*i = 4432 - 20353. Let s = -1033 - i. What is the units digit of s?
6
Suppose 0 = 9*k + 7*k - 12320. What is the tens digit of (4 + 0)*k/56?
5
Let r = 70435 + -34965. What is the hundreds digit of r?
4
Let z(r) = 15*r**2 + 33*r + 184. Suppose 12*g = 8*g - 36. What is the thousands digit of z(g)?
1
Let d = 23 + -20. Let i be (-4)/((-4)/(-12)*d). What is the units digit of (1 - 17)/(2 + i)?
8
Let t(g) = -55*g - 117. Let j be t(42). Suppose 0 = -0*k + k + 9. What is the units digit of (-8)/(-24) + j/k?
0
Suppose 0 = -u - 5*t + 7636, -2*u + 3*u + 4*t - 7642 = 0. What is the thousands digit of u?
7
Suppose 0 = 5*s + 148 + 417. Let h(q) = 71*q + 5. Let t be h(-3). Let g = s - t. What is the tens digit of g?
9
Let a = 15 + -15. Let u = a - -92. What is the tens digit of u?
9
Suppose -9*c - 5688 = -27*c. Let l = 602 - c. What is the hundreds digit of l?
2
What is the thousands digit of (-35887068)/(-1932) - (29/69 - 2/6)?
8
Suppose -655 = 6*d - 907. Suppose -d*h + 3*f = -37*h - 74, -2*f = -4. What is the units digit of h?
6
Suppose 5*b = -5*n + 5735, -2*b = -3*n + 977 + 2459. What is the thousands digit of n?
1
Suppose -14*d + 16*d = -3*k + 8278, 3*d - 24 = 0. What is the units digit of k?
4
Let d = -328 + 359. Suppose -4824 = 13*u - d*u. What is the units digit of u?
8
Suppose -2*w + 2*g + 13232 = 0, 3*w = 7*g - 6*g + 19852. What is the tens digit of w?
1
What is the thousands digit of 7497 + (2 + (-26)/7)/((-120)/(-420))?
7
Let b(n) = n**3 + n + 2. Let t be b(-2). Let i = 3592 + -3496. What is the units digit of (-2188)/(-14) - (i/(-42))/t?
6
Let a = -1356 - -924. Let r = a + 256. What is the tens digit of (3 - r/(-2))/(-1)?
8
Suppose 44285 + 102080 = 110*m - 13575. What is the tens digit of m?
5
Let m be (-1 - -5) + 56/7. Let w be (-1892)/(-16) - (-9)/m. Suppose -11*l = -4*l - w. What is the units digit of l?
7
What is the tens digit of (-42529 + (-1 - -1))/(2/(-8)*4)?
2
Suppose -13*i - 4128 - 5128 = 0. Let b = 1458 + i. What is the hundreds digit of b?
7
Let o = -341 - -353. What is the units digit of (o + 0)*(-11)/((-176)/680)?
0
Suppose -13*k = -22*k - 36. What is the hundreds digit of 23093/35 + k/5?
6
Let c be 4*35/40*(-12)/(-14). Suppose -4*u = w - c*w - 1008, -4*u = w - 1008. What is the tens digit of u?
5
Le